 12 + 37*a - 134*a - 163*a + a. Let l(p) = -258*p + 11. Let h(x) = 3*l(x) - 2*o(x). Is h(-2) composite?
False
Suppose 0*d - 2929498 = -9*d - 17*d. Is d a composite number?
True
Is ((-8)/4)/(0 + 4/(-693002)) prime?
True
Suppose -13*t + 41918 = -34*t + 179741. Is t a prime number?
True
Let k = -119358 + 218159. Is k composite?
False
Suppose -11182 = -2*c - w + 3*w, 2*w + 16777 = 3*c. Suppose -18*i - c = -33*i. Is i composite?
False
Let g be (-93093)/(-35) + (-2)/(-10). Suppose 3*z + 2*m = 4*m + 2675, 3*z = 5*m + g. Let l = 1568 - z. Is l composite?
False
Suppose 87267 = 5*a - 2*i, 105*i + 17451 = a + 107*i. Is a a prime number?
False
Let s = 462319 + -258938. Is s prime?
True
Suppose 0 = 5*s - 0*g - g - 21, 0 = -4*s + 4*g + 4. Suppose 0 = 5*b - s*j - 2675, 3*b - b + 5*j = 1084. Suppose 16*m - 13*m = b. Is m a composite number?
False
Let j(d) = 8*d**4 - d**3 - 5*d**2 - 6*d + 44. Let o(u) = -u**2 - 1. Let b(p) = -j(p) + 6*o(p). Let c(z) be the first derivative of b(z). Is c(-5) composite?
False
Suppose -164*p + 18234842 + 1921347 + 18409887 = 0. Is p a prime number?
True
Let k be (1 - (-8)/3) + (-48)/72. Suppose k*f = -11*f + 219226. Is f a prime number?
False
Let m(z) = -17 - 2*z**2 + 27*z + z**3 - 10*z + 0*z**3 - 18*z. Is m(9) prime?
True
Suppose 17*m - 10 = 15*m. Suppose 4*r = -3*p - 143, 80 = 2*p - 4*p + m*r. Is 27/p - (-946)/10 a composite number?
True
Let p = 1166430 + -622049. Is p prime?
False
Let o be 10*(-15)/((-225)/6). Suppose -o*l = -3*s - 16795, l + l = -5*s + 8417. Is l composite?
False
Suppose -3*w + j = -18816, 2*j + 13315 = 5*w - 18044. Suppose 5*v - w = -4*g - 0*g, -4*g = 3*v - 3759. Is v a composite number?
True
Suppose -7*j - 10*j = 170680. Let r = j + 16281. Is r composite?
True
Let b(l) = -l**3 + 4*l**2 - 2*l - 3. Let o be b(-3). Suppose o + 174 = -12*u. Is (-20)/u*(-1 - -1950) a prime number?
True
Suppose 15*m + 28*m - 11*m - 375008 = 0. Is m a composite number?
False
Let h(t) = -1. Let l(f) = 12*f**2 - 2*f + 14. Let g(r) = 3*h(r) + l(r). Let n be 5/(-20) + 38/(-8). Is g(n) a composite number?
True
Let x(a) = -40986*a + 829. Is x(-5) a composite number?
False
Let d = 1606237 + -941718. Is d composite?
True
Suppose -3*h = 4*x - 3, x - 5*h = 4 + 14. Is 2/(x - 6115/2039) a composite number?
False
Let t(m) = -11*m**2 + 146 - 69 + 6*m**3 - 76 - 11*m. Is t(8) a prime number?
True
Suppose -4*r = -8*r + 40. Let h be (r - 4) + 1 - 4. Suppose -2*v = -h*z + 173, z = 9*v - 4*v + 75. Is z a prime number?
False
Let v(x) = -x**3 + 3*x - 2. Let a be v(1). Let n be 8 + a + -4 + 2. Suppose 4*b = n*b - 506. Is b composite?
True
Let p(r) = 11*r - 6. Suppose -2*k + 3*c = -33, -2*k + 4*c + 48 = k. Let f be p(k). Suppose 314 = 8*a - f. Is a prime?
False
Is 246582 - 10*(9 - 215/25) a prime number?
False
Suppose -64 = 2*z - 18*z. Let v(r) = 448*r + 1. Is v(z) a prime number?
False
Let m be -4*((-2)/(-4) + 0). Let r be 1 - 5 - (2 + m). Is (r - -5)/(((-3)/(-1893))/1) a composite number?
False
Suppose 19 = -4*u - 5*o, -5*u + 4*o - 50 = 5*o. Let y(r) = -721*r + 62. Is y(u) prime?
True
Suppose -8282*n = -8316*n + 3403502. Is n prime?
True
Is ((-182)/8)/(147/(-2107308)) prime?
False
Suppose 2*f + 5*k - 10 = f, -3*f - 3*k + 6 = 0. Suppose w - 1627 = -2*v, f = -0*w - w - 3*v + 1622. Is w a prime number?
True
Let o = -587 - -403. Let m be ((-106)/(-8) + -2)/((-3)/o). Suppose 350 = g + 4*x, g - 2*x = -g + m. Is g composite?
True
Suppose -q + 4*q - 4*o + 16 = 0, 0 = -5*q + 2*o - 8. Suppose 11*r = -6*r + 4*r. Suppose r = -q*v + v - 271. Is v composite?
False
Suppose -17*n + 19*n - 4*w = 282434, 0 = -3*w - 12. Is n a prime number?
True
Let l = -88 + 90. Let f(v) = 6637*v**2 - 15*v + 29. Is f(l) prime?
False
Let s be 4*(-49)/28 + 7566. Let z = 3608 + s. Is z composite?
True
Suppose -5*z + v = -3*v - 6562, 4*z = -2*v + 5260. Let d = z + -575. Is d prime?
True
Let q = 493 + -716. Let h = q - -2682. Is h a composite number?
False
Let b be (2/(-6))/(10/(-1020)). Suppose -36*g - 5*z = -b*g - 5862, z - 5878 = -2*g. Is g a prime number?
False
Suppose -5*g + 5 = 3*m - 6, -3*g - 4*m = 0. Let f be 2 - g - (4 + 0). Let q(x) = -3*x**3 - 10*x**2 + 5*x - 5. Is q(f) composite?
True
Let c be 15/(-75) + (-64)/(-20). Suppose -c*x + 7*x - 18188 = 0. Is x composite?
False
Let i(m) = -9 + 3*m + 28*m**2 - m - 7*m - 17. Is i(-15) composite?
True
Suppose 72*s + 140302 - 4655323 = -9*s. Is s a composite number?
True
Let b(s) = 1387*s**2 - 21*s - 5. Suppose 35 = -5*d + 15. Is b(d) prime?
True
Let h(l) be the second derivative of 97/12*l**4 + 0 - 5/2*l**2 - 1/2*l**3 - 2*l. Is h(-2) composite?
False
Suppose 95200820 = 191*d + 69*d. Is d composite?
True
Let l = -28324 + 297135. Is l a composite number?
False
Let i(j) = 98*j**2 - 196*j - 11. Is i(40) composite?
False
Let o = 2 - -1. Suppose 2*x = 8, o*x = 3*l - l - 4530. Is l prime?
False
Let a(o) = -112*o + 112. Let q be a(1). Let k(z) = 6*z + 1. Let f be k(-1). Is (1 - 338)/(5/f - q) a composite number?
False
Let f = -278 - -278. Suppose 4*l = -5*m + 2999, 0 = -4*m - f - 4. Is l a prime number?
True
Let y = -4 + 5. Let u(v) = 0 + 162*v**2 - 16150*v + 4 + 16147*v. Is u(y) composite?
False
Suppose -3*x - 437 + 84 = -2*v, -2*x = -5*v + 239. Is 4195/(-3)*x/65 a composite number?
True
Let u be 11/(-55) + 2 + (-58)/10. Is (-4 + -2)/(u/226) prime?
False
Let s(v) = 309*v + 263*v + 173 - 186 + v. Let p be s(5). Let h = 4446 - p. Is h a composite number?
True
Suppose 0 = x - 6*x + 15. Let i(z) = 4*z + 217. Let w be i(5). Suppose 0 = 2*v + 2*f - 238, -x*v + v - f + w = 0. Is v a composite number?
True
Let w(o) = 40*o**2 + 8*o + 2. Suppose 22*k + 36 = 26*k. Suppose 11 = k*q - 52. Is w(q) a prime number?
False
Suppose 0 = -16*k + 5*k - 33. Let c(n) = 372*n**2 - 3*n + 2. Is c(k) a prime number?
True
Suppose 5*o - 19 = -2*r + 2*o, 0 = 2*r + 2*o - 18. Suppose 513 = r*h - 743. Is h composite?
False
Suppose d - 1 - 6 = 0. Suppose d = -k + 9. Suppose i - 1374 = -i - k*s, 0 = 4*i + 3*s - 2744. Is i a prime number?
True
Suppose -41*g + 2426700 = -8711401. Is g a composite number?
True
Let m(k) be the third derivative of -k**4/12 - 11*k**3/6 + 21*k**2. Let d be m(-7). Suppose 12 = -0*s + d*s, -687 = -3*p + 3*s. Is p prime?
True
Let m(n) = n**3 - 14*n**2 + 4*n + 16. Let w be m(14). Let s = w + -69. Is 2/(-6) - (-2 - 397/s) a prime number?
False
Let r be (217/(2/362 - 0))/1. Let f = r - 27894. Is f composite?
False
Let m be (-325)/(-100) - ((-1)/4)/(-1). Let b be ((54/(-3))/m)/((-10)/4935). Suppose b = 7*w - 6566. Is w composite?
False
Suppose 3*m - 5*z = 447534 - 119143, 3*z = 24. Is m a prime number?
False
Suppose 11*k - 840830 = -113917. Is k composite?
False
Suppose u - 5*k = 34 - 134, -3*u - 364 = k. Let x = u - -187. Is x prime?
True
Let k(i) = 22*i**2 - i + 28. Let v be k(-6). Let p = v + 44. Is (1 + p/4)*(-10)/(-5) a prime number?
False
Let i = -1646 + 4525. Let t = i - 2040. Is t composite?
False
Let n(h) = 296*h**3 - 2*h**2 + 4*h + 7. Let r be 1/(-4) + 3/36*39. Let d be n(r). Suppose -19*s = -20*s + d. Is s a prime number?
True
Suppose -2*g = -0*g - 18. Suppose -6 = -5*s - 3*z, s + 4*s - g = -2*z. Suppose -2*m = 2*u + u - 1645, s*u = 3*m - 2460. Is m a prime number?
True
Let l(q) = 47*q**2. Let c be l(-1). Let g be (3 - 5)/(2/c). Is (2 + -3)*-2 - g prime?
False
Let g(w) = -w**2 - 20*w - 32. Let b be g(-18). Suppose b*z + z - 470 = 0. Suppose 796 = 2*h - z. Is h composite?
True
Let w(j) = -504*j**3 + 33*j**2 - j + 135. Is w(-8) a prime number?
False
Let c(t) = t**3 + t**2 - 3*t + 16. Let u be c(0). Let d = u - 20. Is 1114/d*(20 - 22) composite?
False
Let z be (-16)/(-5 + 1) + -1. Let k = -5059 + 16557. Suppose 2*s - k = -4*l, -3*s + z*l - l + 17239 = 0. Is s composite?
True
Let y = -8838 + 13188. Let v = 2287 + y. Is v prime?
True
Let c be -1 + (777 - 1) + 1. Let w be 29348/66 + 2/(8 + -2). Let m = c - w. Is m a composite number?
False
Suppose -601 = -4*j + 55. Let o = -95 + j. Let f = o - -342. Is f prime?
False
Suppose -26*i + 10333863 = 651474 + 1698647. Is i prime?
True
Let o be -1 + (-4)/(-4 + 0). Suppose 28*t - 33*t + 17275 = o. Is t composite?
True
Suppose 8*x - 2204 = 3*x - 3*t, t - 1766 = -4*x. Let b be (1 - -144)*x/(-65). Let a = -699 - b. Is a a composite number?
True
Let t be 20/6*(1 - (-91)/(-7)). Let x = -86 + t. Let y = -47 - x. Is y 